{"id":956,"date":"2024-12-30T09:16:39","date_gmt":"2024-12-30T09:16:39","guid":{"rendered":"https:\/\/jasminpmg.ictadmin.eu\/?page_id=956"},"modified":"2024-12-30T09:32:30","modified_gmt":"2024-12-30T09:32:30","slug":"dr-eckstein","status":"publish","type":"page","link":"https:\/\/jasminpmg.hr\/index.php\/dr-eckstein\/","title":{"rendered":"Dr. Eckstein"},"content":{"rendered":"\t\t<div data-elementor-type=\"wp-page\" data-elementor-id=\"956\" class=\"elementor elementor-956\">\n\t\t\t\t<div class=\"elementor-element elementor-element-7b9c32f e-flex e-con-boxed e-con e-parent\" data-id=\"7b9c32f\" data-element_type=\"container\" data-e-type=\"container\">\n\t\t\t\t\t<div class=\"e-con-inner\">\n\t\t<div class=\"elementor-element elementor-element-549097f e-con-full e-flex e-con e-child\" data-id=\"549097f\" data-element_type=\"container\" data-e-type=\"container\">\n\t\t\t\t<\/div>\n\t\t\t\t<div class=\"elementor-element elementor-element-bc3aca1 elementor-widget elementor-widget-text-editor\" data-id=\"bc3aca1\" data-element_type=\"widget\" data-e-type=\"widget\" data-widget_type=\"text-editor.default\">\n\t\t\t\t<div class=\"elementor-widget-container\">\n\t\t\t\t\t\t\t\t\t<p>Prvi brend je startao davne 1949 godine.\u00a0 Njihove vrijednosti su nepromijenjene ve\u0107 sada tri generacije, osim \u0161to stalno rade na kontinuiranom razvoju svojih preparata .<\/p><p>Moramo napomenuti da i u Hrvatskoj preko 200 salona nastavlja iz generacije u generaciju s tim kozmeti\u010dkim proizvodima .<\/p><p>Njihovi proizvodi su pomno i ru\u010dno birani u Njema\u010dkoj a sastojci su strogo birani prema farmaceutskim standardima .<\/p><p>Na hrvatskom tr\u017ei\u0161tu je ve\u0107 od 1995 s radom je po\u010dela na\u0161a i dan danas draga kozmeti\u010darka Borna koja i dalje nastavlja i \u0161iri znanjem i rezultatima DR.ECKSTEINA u svom salonu.<\/p><p>Firma JASMIN PMG d.o.o nastavlja raditi s Dr.ECKSTEINOM \u00a0isto drugu generaciju a stvarno se nadamo istim tempom nastaviti i dalje.<\/p><p>Od proizvoda ima stvarno sve za svakoga, samo morate znati koji tip ko\u017ee imate ili javiti se u bilo koji na\u0161 kozmeti\u010dki salon u Va\u0161oj blizini i na\u0161e drage kozmeti\u010darke i njihove djelatnice rado \u0107e Vam pomo\u0107i .<\/p><p>Mi isklju\u010divo radimo samo s fizi\u010dkim osobama i ne radimo maloprodaju, ali rado dolazimo u Va\u0161e salone sa testerima,plakatima i naravano dostavu robe u Zagrebu i okolici vr\u0161imo osobno, a po\u0161tom \u0161aljemo van Zagreba i drugi dan je roba kod Vas .<\/p><p>A sad da predstavimo samo neke od proizvoda :<\/p><p>LOSIONI<\/p><p>MLJEKA ZA \u010cI\u0160\u0106ENJE LICA<\/p><p>COLLAGEN LINIA-Bogata hidratantna linia za za zahtjevnu ko\u017eu sklonu isu\u0161ivanju te daje ko\u017ei vla\u017enost<\/p><p>VITAMINSKA LINIA-Hidrantna linija za normalnu i suhu ko\u017eu jako pogodna za hladne dane \u010duva ko\u017eu od stresa.<\/p><p>REGENERATION LINIA-Izvrsna linija za njegu zahtjevne ko\u017ee lica i podr\u017eava prirodne funkcije.<\/p><p>KRAUTER LINIA \u2013Lagana njega masne i ne\u010diste ko\u017ee lica ,su\u017eava pore i pro\u010di\u0161\u010duje ih .<\/p><p>AZULEN LINIA \u2013Izvrsna linija za njegu osjetljive ko\u017ee lica sklone crvenilu.<\/p><p>CALENDULA CREME-Osvje\u017eavaju\u0107a krema za njegu mlade ko\u017ee ko\u017ea postaje mek\u0161a i svje\u017eija<\/p><p>BLUTENFEUCHTIGKEIT-Cvjetna dnevna hidrantna linija<\/p><p>CAROTINFEUCHTIGKEITS \u2013Osvje\u017eavaju\u010da i hidrantna linija<\/p>\t\t\t\t\t\t\t\t<\/div>\n\t\t\t\t<\/div>\n\t\t\t\t\t<\/div>\n\t\t\t\t<\/div>\n\t\t<div class=\"elementor-element elementor-element-ada7190 e-flex e-con-boxed e-con e-parent\" data-id=\"ada7190\" data-element_type=\"container\" data-e-type=\"container\">\n\t\t\t\t\t<div class=\"e-con-inner\">\n\t\t\t\t<div class=\"elementor-element elementor-element-c14fd02 gallery-spacing-custom elementor-widget elementor-widget-image-gallery\" data-id=\"c14fd02\" data-element_type=\"widget\" data-e-type=\"widget\" data-widget_type=\"image-gallery.default\">\n\t\t\t\t<div class=\"elementor-widget-container\">\n\t\t\t\t\t\t\t<div class=\"elementor-image-gallery\">\n\t\t\t<div id='gallery-1' class='gallery galleryid-956 gallery-columns-3 gallery-size-medium'><figure class='gallery-item'>\n\t\t\t<div class='gallery-icon landscape'>\n\t\t\t\t<a data-elementor-open-lightbox=\"yes\" data-elementor-lightbox-slideshow=\"c14fd02\" data-elementor-lightbox-title=\"JC6A4807\" data-e-action-hash=\"#elementor-action%3Aaction%3Dlightbox%26settings%3DeyJpZCI6OTMwLCJ1cmwiOiJodHRwczpcL1wvamFzbWlucG1nLmhyXC93cC1jb250ZW50XC91cGxvYWRzXC8yMDI0XC8xMlwvSkM2QTQ4MDctc2NhbGVkLmpwZyIsInNsaWRlc2hvdyI6ImMxNGZkMDIifQ%3D%3D\" href='https:\/\/jasminpmg.hr\/wp-content\/uploads\/2024\/12\/JC6A4807-scaled.jpg'><img fetchpriority=\"high\" decoding=\"async\" width=\"300\" height=\"200\" src=\"https:\/\/jasminpmg.hr\/wp-content\/uploads\/2024\/12\/JC6A4807-300x200.jpg\" class=\"attachment-medium size-medium\" alt=\"\" srcset=\"https:\/\/jasminpmg.hr\/wp-content\/uploads\/2024\/12\/JC6A4807-300x200.jpg 300w, https:\/\/jasminpmg.hr\/wp-content\/uploads\/2024\/12\/JC6A4807-1024x683.jpg 1024w, https:\/\/jasminpmg.hr\/wp-content\/uploads\/2024\/12\/JC6A4807-768x512.jpg 768w, https:\/\/jasminpmg.hr\/wp-content\/uploads\/2024\/12\/JC6A4807-1536x1024.jpg 1536w, https:\/\/jasminpmg.hr\/wp-content\/uploads\/2024\/12\/JC6A4807-2048x1365.jpg 2048w\" sizes=\"(max-width: 300px) 100vw, 300px\" \/><\/a>\n\t\t\t<\/div><\/figure><figure class='gallery-item'>\n\t\t\t<div class='gallery-icon landscape'>\n\t\t\t\t<a data-elementor-open-lightbox=\"yes\" data-elementor-lightbox-slideshow=\"c14fd02\" data-elementor-lightbox-title=\"JC6A4795\" data-e-action-hash=\"#elementor-action%3Aaction%3Dlightbox%26settings%3DeyJpZCI6OTI5LCJ1cmwiOiJodHRwczpcL1wvamFzbWlucG1nLmhyXC93cC1jb250ZW50XC91cGxvYWRzXC8yMDI0XC8xMlwvSkM2QTQ3OTUtc2NhbGVkLmpwZyIsInNsaWRlc2hvdyI6ImMxNGZkMDIifQ%3D%3D\" href='https:\/\/jasminpmg.hr\/wp-content\/uploads\/2024\/12\/JC6A4795-scaled.jpg'><img decoding=\"async\" width=\"300\" height=\"200\" src=\"https:\/\/jasminpmg.hr\/wp-content\/uploads\/2024\/12\/JC6A4795-300x200.jpg\" class=\"attachment-medium size-medium\" alt=\"\" srcset=\"https:\/\/jasminpmg.hr\/wp-content\/uploads\/2024\/12\/JC6A4795-300x200.jpg 300w, https:\/\/jasminpmg.hr\/wp-content\/uploads\/2024\/12\/JC6A4795-1024x683.jpg 1024w, https:\/\/jasminpmg.hr\/wp-content\/uploads\/2024\/12\/JC6A4795-768x512.jpg 768w, https:\/\/jasminpmg.hr\/wp-content\/uploads\/2024\/12\/JC6A4795-1536x1024.jpg 1536w, https:\/\/jasminpmg.hr\/wp-content\/uploads\/2024\/12\/JC6A4795-2048x1366.jpg 2048w\" sizes=\"(max-width: 300px) 100vw, 300px\" \/><\/a>\n\t\t\t<\/div><\/figure><figure class='gallery-item'>\n\t\t\t<div class='gallery-icon landscape'>\n\t\t\t\t<a data-elementor-open-lightbox=\"yes\" data-elementor-lightbox-slideshow=\"c14fd02\" data-elementor-lightbox-title=\"JC6A4704\" data-e-action-hash=\"#elementor-action%3Aaction%3Dlightbox%26settings%3DeyJpZCI6OTE0LCJ1cmwiOiJodHRwczpcL1wvamFzbWlucG1nLmhyXC93cC1jb250ZW50XC91cGxvYWRzXC8yMDI0XC8xMlwvSkM2QTQ3MDQtc2NhbGVkLmpwZyIsInNsaWRlc2hvdyI6ImMxNGZkMDIifQ%3D%3D\" href='https:\/\/jasminpmg.hr\/wp-content\/uploads\/2024\/12\/JC6A4704-scaled.jpg'><img decoding=\"async\" width=\"300\" height=\"200\" src=\"https:\/\/jasminpmg.hr\/wp-content\/uploads\/2024\/12\/JC6A4704-300x200.jpg\" class=\"attachment-medium size-medium\" alt=\"\" srcset=\"https:\/\/jasminpmg.hr\/wp-content\/uploads\/2024\/12\/JC6A4704-300x200.jpg 300w, https:\/\/jasminpmg.hr\/wp-content\/uploads\/2024\/12\/JC6A4704-1024x683.jpg 1024w, https:\/\/jasminpmg.hr\/wp-content\/uploads\/2024\/12\/JC6A4704-768x512.jpg 768w, https:\/\/jasminpmg.hr\/wp-content\/uploads\/2024\/12\/JC6A4704-1536x1024.jpg 1536w, https:\/\/jasminpmg.hr\/wp-content\/uploads\/2024\/12\/JC6A4704-2048x1366.jpg 2048w\" sizes=\"(max-width: 300px) 100vw, 300px\" \/><\/a>\n\t\t\t<\/div><\/figure><figure class='gallery-item'>\n\t\t\t<div class='gallery-icon landscape'>\n\t\t\t\t<a data-elementor-open-lightbox=\"yes\" data-elementor-lightbox-slideshow=\"c14fd02\" data-elementor-lightbox-title=\"JC6A4700\" data-e-action-hash=\"#elementor-action%3Aaction%3Dlightbox%26settings%3DeyJpZCI6OTEzLCJ1cmwiOiJodHRwczpcL1wvamFzbWlucG1nLmhyXC93cC1jb250ZW50XC91cGxvYWRzXC8yMDI0XC8xMlwvSkM2QTQ3MDAtc2NhbGVkLmpwZyIsInNsaWRlc2hvdyI6ImMxNGZkMDIifQ%3D%3D\" href='https:\/\/jasminpmg.hr\/wp-content\/uploads\/2024\/12\/JC6A4700-scaled.jpg'><img loading=\"lazy\" decoding=\"async\" width=\"300\" height=\"200\" src=\"https:\/\/jasminpmg.hr\/wp-content\/uploads\/2024\/12\/JC6A4700-300x200.jpg\" class=\"attachment-medium size-medium\" alt=\"\" srcset=\"https:\/\/jasminpmg.hr\/wp-content\/uploads\/2024\/12\/JC6A4700-300x200.jpg 300w, https:\/\/jasminpmg.hr\/wp-content\/uploads\/2024\/12\/JC6A4700-1024x683.jpg 1024w, https:\/\/jasminpmg.hr\/wp-content\/uploads\/2024\/12\/JC6A4700-768x512.jpg 768w, https:\/\/jasminpmg.hr\/wp-content\/uploads\/2024\/12\/JC6A4700-1536x1024.jpg 1536w, https:\/\/jasminpmg.hr\/wp-content\/uploads\/2024\/12\/JC6A4700-2048x1365.jpg 2048w\" sizes=\"(max-width: 300px) 100vw, 300px\" \/><\/a>\n\t\t\t<\/div><\/figure><figure class='gallery-item'>\n\t\t\t<div class='gallery-icon landscape'>\n\t\t\t\t<a data-elementor-open-lightbox=\"yes\" data-elementor-lightbox-slideshow=\"c14fd02\" data-elementor-lightbox-title=\"JC6A4689\" data-e-action-hash=\"#elementor-action%3Aaction%3Dlightbox%26settings%3DeyJpZCI6OTEyLCJ1cmwiOiJodHRwczpcL1wvamFzbWlucG1nLmhyXC93cC1jb250ZW50XC91cGxvYWRzXC8yMDI0XC8xMlwvSkM2QTQ2ODktc2NhbGVkLmpwZyIsInNsaWRlc2hvdyI6ImMxNGZkMDIifQ%3D%3D\" href='https:\/\/jasminpmg.hr\/wp-content\/uploads\/2024\/12\/JC6A4689-scaled.jpg'><img loading=\"lazy\" decoding=\"async\" width=\"300\" height=\"200\" src=\"https:\/\/jasminpmg.hr\/wp-content\/uploads\/2024\/12\/JC6A4689-300x200.jpg\" class=\"attachment-medium size-medium\" alt=\"\" srcset=\"https:\/\/jasminpmg.hr\/wp-content\/uploads\/2024\/12\/JC6A4689-300x200.jpg 300w, https:\/\/jasminpmg.hr\/wp-content\/uploads\/2024\/12\/JC6A4689-1024x683.jpg 1024w, https:\/\/jasminpmg.hr\/wp-content\/uploads\/2024\/12\/JC6A4689-768x512.jpg 768w, https:\/\/jasminpmg.hr\/wp-content\/uploads\/2024\/12\/JC6A4689-1536x1024.jpg 1536w, https:\/\/jasminpmg.hr\/wp-content\/uploads\/2024\/12\/JC6A4689-2048x1366.jpg 2048w\" sizes=\"(max-width: 300px) 100vw, 300px\" \/><\/a>\n\t\t\t<\/div><\/figure><figure class='gallery-item'>\n\t\t\t<div class='gallery-icon landscape'>\n\t\t\t\t<a data-elementor-open-lightbox=\"yes\" data-elementor-lightbox-slideshow=\"c14fd02\" data-elementor-lightbox-title=\"JC6A4679\" data-e-action-hash=\"#elementor-action%3Aaction%3Dlightbox%26settings%3DeyJpZCI6OTExLCJ1cmwiOiJodHRwczpcL1wvamFzbWlucG1nLmhyXC93cC1jb250ZW50XC91cGxvYWRzXC8yMDI0XC8xMlwvSkM2QTQ2Nzktc2NhbGVkLmpwZyIsInNsaWRlc2hvdyI6ImMxNGZkMDIifQ%3D%3D\" href='https:\/\/jasminpmg.hr\/wp-content\/uploads\/2024\/12\/JC6A4679-scaled.jpg'><img loading=\"lazy\" decoding=\"async\" width=\"300\" height=\"200\" src=\"https:\/\/jasminpmg.hr\/wp-content\/uploads\/2024\/12\/JC6A4679-300x200.jpg\" class=\"attachment-medium size-medium\" alt=\"\" srcset=\"https:\/\/jasminpmg.hr\/wp-content\/uploads\/2024\/12\/JC6A4679-300x200.jpg 300w, https:\/\/jasminpmg.hr\/wp-content\/uploads\/2024\/12\/JC6A4679-1024x683.jpg 1024w, https:\/\/jasminpmg.hr\/wp-content\/uploads\/2024\/12\/JC6A4679-768x512.jpg 768w, https:\/\/jasminpmg.hr\/wp-content\/uploads\/2024\/12\/JC6A4679-1536x1024.jpg 1536w, https:\/\/jasminpmg.hr\/wp-content\/uploads\/2024\/12\/JC6A4679-2048x1365.jpg 2048w\" sizes=\"(max-width: 300px) 100vw, 300px\" \/><\/a>\n\t\t\t<\/div><\/figure><figure class='gallery-item'>\n\t\t\t<div class='gallery-icon landscape'>\n\t\t\t\t<a data-elementor-open-lightbox=\"yes\" data-elementor-lightbox-slideshow=\"c14fd02\" data-elementor-lightbox-title=\"JC6A4676\" data-e-action-hash=\"#elementor-action%3Aaction%3Dlightbox%26settings%3DeyJpZCI6OTEwLCJ1cmwiOiJodHRwczpcL1wvamFzbWlucG1nLmhyXC93cC1jb250ZW50XC91cGxvYWRzXC8yMDI0XC8xMlwvSkM2QTQ2NzYtc2NhbGVkLmpwZyIsInNsaWRlc2hvdyI6ImMxNGZkMDIifQ%3D%3D\" href='https:\/\/jasminpmg.hr\/wp-content\/uploads\/2024\/12\/JC6A4676-scaled.jpg'><img loading=\"lazy\" decoding=\"async\" width=\"300\" height=\"200\" src=\"https:\/\/jasminpmg.hr\/wp-content\/uploads\/2024\/12\/JC6A4676-300x200.jpg\" class=\"attachment-medium size-medium\" alt=\"\" srcset=\"https:\/\/jasminpmg.hr\/wp-content\/uploads\/2024\/12\/JC6A4676-300x200.jpg 300w, https:\/\/jasminpmg.hr\/wp-content\/uploads\/2024\/12\/JC6A4676-1024x683.jpg 1024w, https:\/\/jasminpmg.hr\/wp-content\/uploads\/2024\/12\/JC6A4676-768x512.jpg 768w, https:\/\/jasminpmg.hr\/wp-content\/uploads\/2024\/12\/JC6A4676-1536x1024.jpg 1536w, https:\/\/jasminpmg.hr\/wp-content\/uploads\/2024\/12\/JC6A4676-2048x1365.jpg 2048w\" sizes=\"(max-width: 300px) 100vw, 300px\" \/><\/a>\n\t\t\t<\/div><\/figure><figure class='gallery-item'>\n\t\t\t<div class='gallery-icon landscape'>\n\t\t\t\t<a data-elementor-open-lightbox=\"yes\" data-elementor-lightbox-slideshow=\"c14fd02\" data-elementor-lightbox-title=\"JC6A4652\" data-e-action-hash=\"#elementor-action%3Aaction%3Dlightbox%26settings%3DeyJpZCI6OTA5LCJ1cmwiOiJodHRwczpcL1wvamFzbWlucG1nLmhyXC93cC1jb250ZW50XC91cGxvYWRzXC8yMDI0XC8xMlwvSkM2QTQ2NTItc2NhbGVkLmpwZyIsInNsaWRlc2hvdyI6ImMxNGZkMDIifQ%3D%3D\" href='https:\/\/jasminpmg.hr\/wp-content\/uploads\/2024\/12\/JC6A4652-scaled.jpg'><img loading=\"lazy\" decoding=\"async\" width=\"300\" height=\"200\" src=\"https:\/\/jasminpmg.hr\/wp-content\/uploads\/2024\/12\/JC6A4652-300x200.jpg\" class=\"attachment-medium size-medium\" alt=\"\" srcset=\"https:\/\/jasminpmg.hr\/wp-content\/uploads\/2024\/12\/JC6A4652-300x200.jpg 300w, https:\/\/jasminpmg.hr\/wp-content\/uploads\/2024\/12\/JC6A4652-1024x682.jpg 1024w, https:\/\/jasminpmg.hr\/wp-content\/uploads\/2024\/12\/JC6A4652-768x512.jpg 768w, https:\/\/jasminpmg.hr\/wp-content\/uploads\/2024\/12\/JC6A4652-1536x1024.jpg 1536w, https:\/\/jasminpmg.hr\/wp-content\/uploads\/2024\/12\/JC6A4652-2048x1365.jpg 2048w\" sizes=\"(max-width: 300px) 100vw, 300px\" \/><\/a>\n\t\t\t<\/div><\/figure><figure class='gallery-item'>\n\t\t\t<div class='gallery-icon landscape'>\n\t\t\t\t<a data-elementor-open-lightbox=\"yes\" data-elementor-lightbox-slideshow=\"c14fd02\" data-elementor-lightbox-title=\"JC6A4720\" data-e-action-hash=\"#elementor-action%3Aaction%3Dlightbox%26settings%3DeyJpZCI6OTE2LCJ1cmwiOiJodHRwczpcL1wvamFzbWlucG1nLmhyXC93cC1jb250ZW50XC91cGxvYWRzXC8yMDI0XC8xMlwvSkM2QTQ3MjAtc2NhbGVkLmpwZyIsInNsaWRlc2hvdyI6ImMxNGZkMDIifQ%3D%3D\" href='https:\/\/jasminpmg.hr\/wp-content\/uploads\/2024\/12\/JC6A4720-scaled.jpg'><img loading=\"lazy\" decoding=\"async\" width=\"300\" height=\"200\" src=\"https:\/\/jasminpmg.hr\/wp-content\/uploads\/2024\/12\/JC6A4720-300x200.jpg\" class=\"attachment-medium size-medium\" alt=\"\" srcset=\"https:\/\/jasminpmg.hr\/wp-content\/uploads\/2024\/12\/JC6A4720-300x200.jpg 300w, https:\/\/jasminpmg.hr\/wp-content\/uploads\/2024\/12\/JC6A4720-1024x683.jpg 1024w, https:\/\/jasminpmg.hr\/wp-content\/uploads\/2024\/12\/JC6A4720-768x512.jpg 768w, https:\/\/jasminpmg.hr\/wp-content\/uploads\/2024\/12\/JC6A4720-1536x1024.jpg 1536w, https:\/\/jasminpmg.hr\/wp-content\/uploads\/2024\/12\/JC6A4720-2048x1365.jpg 2048w\" sizes=\"(max-width: 300px) 100vw, 300px\" \/><\/a>\n\t\t\t<\/div><\/figure><figure class='gallery-item'>\n\t\t\t<div class='gallery-icon landscape'>\n\t\t\t\t<a data-elementor-open-lightbox=\"yes\" data-elementor-lightbox-slideshow=\"c14fd02\" data-elementor-lightbox-title=\"JC6A4714\" data-e-action-hash=\"#elementor-action%3Aaction%3Dlightbox%26settings%3DeyJpZCI6OTE1LCJ1cmwiOiJodHRwczpcL1wvamFzbWlucG1nLmhyXC93cC1jb250ZW50XC91cGxvYWRzXC8yMDI0XC8xMlwvSkM2QTQ3MTQtc2NhbGVkLmpwZyIsInNsaWRlc2hvdyI6ImMxNGZkMDIifQ%3D%3D\" href='https:\/\/jasminpmg.hr\/wp-content\/uploads\/2024\/12\/JC6A4714-scaled.jpg'><img loading=\"lazy\" decoding=\"async\" width=\"300\" height=\"200\" src=\"https:\/\/jasminpmg.hr\/wp-content\/uploads\/2024\/12\/JC6A4714-300x200.jpg\" class=\"attachment-medium size-medium\" alt=\"\" srcset=\"https:\/\/jasminpmg.hr\/wp-content\/uploads\/2024\/12\/JC6A4714-300x200.jpg 300w, https:\/\/jasminpmg.hr\/wp-content\/uploads\/2024\/12\/JC6A4714-1024x683.jpg 1024w, https:\/\/jasminpmg.hr\/wp-content\/uploads\/2024\/12\/JC6A4714-768x512.jpg 768w, https:\/\/jasminpmg.hr\/wp-content\/uploads\/2024\/12\/JC6A4714-1536x1024.jpg 1536w, https:\/\/jasminpmg.hr\/wp-content\/uploads\/2024\/12\/JC6A4714-2048x1365.jpg 2048w\" sizes=\"(max-width: 300px) 100vw, 300px\" \/><\/a>\n\t\t\t<\/div><\/figure>\n\t\t<\/div>\n\t\t<\/div>\n\t\t\t\t\t\t<\/div>\n\t\t\t\t<\/div>\n\t\t\t\t\t<\/div>\n\t\t\t\t<\/div>\n\t\t\t\t<\/div>\n\t\t","protected":false},"excerpt":{"rendered":"<p>Prvi brend je startao davne 1949 godine.\u00a0 Njihove vrijednosti su nepromijenjene ve\u0107 sada tri generacije, osim \u0161to stalno rade na kontinuiranom razvoju svojih preparata . Moramo napomenuti da i u Hrvatskoj preko 200 salona nastavlja iz generacije u generaciju s tim kozmeti\u010dkim proizvodima . Njihovi proizvodi su pomno i ru\u010dno birani u Njema\u010dkoj a sastojci [&hellip;]<\/p>\n","protected":false},"author":1,"featured_media":0,"parent":0,"menu_order":0,"comment_status":"closed","ping_status":"closed","template":"","meta":{"ocean_post_layout":"","ocean_both_sidebars_style":"","ocean_both_sidebars_content_width":0,"ocean_both_sidebars_sidebars_width":0,"ocean_sidebar":"0","ocean_second_sidebar":"0","ocean_disable_margins":"enable","ocean_add_body_class":"","ocean_shortcode_before_top_bar":"","ocean_shortcode_after_top_bar":"","ocean_shortcode_before_header":"","ocean_shortcode_after_header":"","ocean_has_shortcode":"","ocean_shortcode_after_title":"","ocean_shortcode_before_footer_widgets":"","ocean_shortcode_after_footer_widgets":"","ocean_shortcode_before_footer_bottom":"","ocean_shortcode_after_footer_bottom":"","ocean_display_top_bar":"default","ocean_display_header":"default","ocean_header_style":"","ocean_center_header_left_menu":"0","ocean_custom_header_template":"0","ocean_custom_logo":0,"ocean_custom_retina_logo":0,"ocean_custom_logo_max_width":0,"ocean_custom_logo_tablet_max_width":0,"ocean_custom_logo_mobile_max_width":0,"ocean_custom_logo_max_height":0,"ocean_custom_logo_tablet_max_height":0,"ocean_custom_logo_mobile_max_height":0,"ocean_header_custom_menu":"0","ocean_menu_typo_font_family":"0","ocean_menu_typo_font_subset":"","ocean_menu_typo_font_size":0,"ocean_menu_typo_font_size_tablet":0,"ocean_menu_typo_font_size_mobile":0,"ocean_menu_typo_font_size_unit":"px","ocean_menu_typo_font_weight":"","ocean_menu_typo_font_weight_tablet":"","ocean_menu_typo_font_weight_mobile":"","ocean_menu_typo_transform":"","ocean_menu_typo_transform_tablet":"","ocean_menu_typo_transform_mobile":"","ocean_menu_typo_line_height":0,"ocean_menu_typo_line_height_tablet":0,"ocean_menu_typo_line_height_mobile":0,"ocean_menu_typo_line_height_unit":"","ocean_menu_typo_spacing":0,"ocean_menu_typo_spacing_tablet":0,"ocean_menu_typo_spacing_mobile":0,"ocean_menu_typo_spacing_unit":"","ocean_menu_link_color":"","ocean_menu_link_color_hover":"","ocean_menu_link_color_active":"","ocean_menu_link_background":"","ocean_menu_link_hover_background":"","ocean_menu_link_active_background":"","ocean_menu_social_links_bg":"","ocean_menu_social_hover_links_bg":"","ocean_menu_social_links_color":"","ocean_menu_social_hover_links_color":"","ocean_disable_title":"default","ocean_disable_heading":"default","ocean_post_title":"","ocean_post_subheading":"","ocean_post_title_style":"","ocean_post_title_background_color":"","ocean_post_title_background":0,"ocean_post_title_bg_image_position":"","ocean_post_title_bg_image_attachment":"","ocean_post_title_bg_image_repeat":"","ocean_post_title_bg_image_size":"","ocean_post_title_height":0,"ocean_post_title_bg_overlay":0.5,"ocean_post_title_bg_overlay_color":"","ocean_disable_breadcrumbs":"default","ocean_breadcrumbs_color":"","ocean_breadcrumbs_separator_color":"","ocean_breadcrumbs_links_color":"","ocean_breadcrumbs_links_hover_color":"","ocean_display_footer_widgets":"default","ocean_display_footer_bottom":"default","ocean_custom_footer_template":"0","footnotes":""},"class_list":["post-956","page","type-page","status-publish","hentry","entry"],"_links":{"self":[{"href":"https:\/\/jasminpmg.hr\/index.php\/wp-json\/wp\/v2\/pages\/956","targetHints":{"allow":["GET"]}}],"collection":[{"href":"https:\/\/jasminpmg.hr\/index.php\/wp-json\/wp\/v2\/pages"}],"about":[{"href":"https:\/\/jasminpmg.hr\/index.php\/wp-json\/wp\/v2\/types\/page"}],"author":[{"embeddable":true,"href":"https:\/\/jasminpmg.hr\/index.php\/wp-json\/wp\/v2\/users\/1"}],"replies":[{"embeddable":true,"href":"https:\/\/jasminpmg.hr\/index.php\/wp-json\/wp\/v2\/comments?post=956"}],"version-history":[{"count":7,"href":"https:\/\/jasminpmg.hr\/index.php\/wp-json\/wp\/v2\/pages\/956\/revisions"}],"predecessor-version":[{"id":969,"href":"https:\/\/jasminpmg.hr\/index.php\/wp-json\/wp\/v2\/pages\/956\/revisions\/969"}],"wp:attachment":[{"href":"https:\/\/jasminpmg.hr\/index.php\/wp-json\/wp\/v2\/media?parent=956"}],"curies":[{"name":"wp","href":"https:\/\/api.w.org\/{rel}","templated":true}]}}